se 0 = x*s - 53 - 35. What is the tens digit of s?
2
Let z = 4 + 1. Suppose 4*g = z*g - 20. Let j = g - 3. What is the tens digit of j?
1
Let s(z) = -z - 11. Let x be s(-7). Let i be 0/(3 - x/(-4)). Let u(t) = -t + 33. What is the tens digit of u(i)?
3
Let i(l) = -14*l + 1. Let n(u) = -u**2 + 2*u - 2. Let h(o) = -2*o - 2. Let z be h(-2). Let d be n(z). What is the tens digit of i(d)?
2
Suppose -5 = -2*a + 3. Suppose -2 + 1 = 2*j + 3*o, -3*o - 17 = a*j. What is the units digit of j/(-28) + (-138)/(-7)?
0
Suppose -21*y + 4053 = -14*y. What is the tens digit of y?
7
Suppose 25 = -2*c + 5*x, 4 = 2*x + 2*x. What is the units digit of -3 - -22*(-5)/c?
8
Let h(s) = 161*s + 4225. What is the units digit of h(0)?
5
Let x(t) = -t + 3. Let l be x(-6). Suppose 5*n = 2*n + l. What is the units digit of n + (-1 - 1) + 6?
7
Suppose -9*m = -6*m - 522. Let a = -67 + m. What is the tens digit of a?
0
Suppose -4*q = -2*y + 2008, 0 = 3*y - 2*q + 495 - 3527. What is the units digit of y?
4
Let x(b) = -4*b - 10. Let m be x(-5). Let q be 48/27 + m/45. Suppose 15 = -q*w + 83. What is the units digit of w?
4
Let f be (-6)/10 + 13/5. Let o(l) = 21*l - 1. Let c be o(f). Suppose -3*m - u + c = 0, 2*u = -3*m - u + 39. What is the units digit of m?
4
Let b(z) = -3*z**3 + 7*z**2 + 8*z + 10. Let r(s) = 4*s**3 - 7*s**2 - 8*s - 10. Let o(w) = 5*b(w) + 4*r(w). What is the tens digit of o(-5)?
2
Suppose 4*n + 4*r = -r, -4*n = 4*r. Suppose -4*p - 75 + 183 = n. What is the units digit of p?
7
Let d = 145 - 83. Let h = d + -39. Let j = 79 - h. What is the units digit of j?
6
Suppose -m + 13 = 5*h, -3*m + 4*m + 3*h - 9 = 0. Suppose 2*s = 4*d - m*s - 112, -3*d = -4*s - 85. What is the units digit of d?
3
Suppose 2*h + 5*p - 824 = 3*p, 20 = -4*p. What is the units digit of h?
7
Let z(l) = -21*l - 32. Suppose -5*r + 4*r = -i, 4*i + 18 = -2*r. What is the tens digit of z(i)?
3
Suppose 2*q = 38 - 8. Suppose 4*y - 3*y - 5*a + 25 = 0, -5*y = 3*a - q. Suppose 5*b - 25 - 170 = y. What is the units digit of b?
9
Let z(y) = 1006*y + 633. What is the units digit of z(5)?
3
Let k = -129 + 81. Let m = -10 - k. Let o = 17 + m. What is the units digit of o?
5
Let n(c) = 2*c**2 + 2*c - 3. Suppose o = -4*p - 14, -2*p = 2*o - 3 + 13. Let l be n(p). Suppose 3*a = -l, 5*q - 8*a - 380 = -3*a. What is the units digit of q?
3
Let n be (-3)/6*-4 + -4. Let k be n*9/6 + -29. Let m = 67 + k. What is the tens digit of m?
3
Let a(k) = 226*k**3 - 2*k**2 - 8*k + 7. What is the units digit of a(2)?
1
Suppose 0 = -13*u + 10*u + 9. What is the hundreds digit of 90/40*176/u?
1
Let j = 14 - 16. Let n be (-42)/3*(j - -1). Suppose 19 + n = h. What is the tens digit of h?
3
Suppose -3*n + 85 = -8*n. Let d = 123 + -70. Let w = d + n. What is the tens digit of w?
3
Let y(r) = 2*r**2 - 28*r + 55. What is the hundreds digit of y(24)?
5
Let f(u) = -60*u - 3. What is the tens digit of f(-2)?
1
Suppose -25*f = -30*f + 4*b + 1104, 888 = 4*f - 2*b. What is the units digit of f?
4
Suppose -q + h - 24 = 23, -2*h - 206 = 4*q. Let t = q - -40. What is the tens digit of (820/50)/((-4)/t)?
4
Let u(k) = k**2 - 10*k + 11. Let g be u(7). What is the hundreds digit of (0 + 458)*(-5)/g?
2
Suppose 20 = 4*t - 0*t. Let u = 10 - t. Suppose -5*n + u*f + 255 = 0, -2*n + 0*n + 108 = f. What is the tens digit of n?
5
Suppose -3*u + u = -5*t - 45, 63 = 5*u + 4*t. Suppose 2*j = 7*j - u. Suppose j*l - l - 14 = 0. What is the units digit of l?
7
Suppose -16*z - 163 = -1347. What is the tens digit of z?
7
Suppose -6*f = -4*f - 6, 5*c + 5*f - 1885 = 0. What is the hundreds digit of c?
3
Let n be 1/((-3)/(-6)) - (2 - -2). What is the tens digit of (-4)/(-6 - n) - -26?
2
Let w(i) = -241*i**2 + 5*i + 6. Let l(t) = 241*t**2 - 5*t - 7. Let x(b) = -5*l(b) - 6*w(b). What is the units digit of x(-1)?
5
Suppose b + 20 = v, v + v = -3*b + 65. Suppose v = r - 5. What is the units digit of r?
0
What is the tens digit of (-2*1 + 147/7)*7?
3
Let v(p) = -p**3 + 6*p**2 + 2*p - 1. Let u(w) = -w**3 + 6*w**2 + 2*w - 2. Let j(q) = -5*u(q) + 4*v(q). What is the units digit of j(7)?
1
Let y(u) = u + 1. Let v(o) = -2*o - 14. Let a(m) = -v(m) - 4*y(m). Let g be a(3). Suppose 5*k - 4*x = 38, 0*x - 34 = -g*k + 2*x. What is the units digit of k?
0
Suppose -10*j + 10056 = -6*j. What is the hundreds digit of j?
5
Let q = -91 + 942. What is the hundreds digit of q?
8
Suppose 5*y = -32 + 2. Let n be -2 - -2 - (y - 129). Let k = -63 + n. What is the units digit of k?
2
Let m(q) = -9*q - 23. Let z be m(-5). Suppose -z = -4*b + 150. What is the units digit of b?
3
Suppose 4*l - 11 = -5*d - 0*l, 0 = -l - 1. Suppose n + 0 - d = 0. Suppose -v = -5*a + 18, n*v - 1 = -4*a + 40. What is the units digit of v?
7
What is the units digit of 783 - (70/(-6))/(-7)*3?
8
Let s be (-4)/(-6)*(-432)/(-32). Let g = -4 + 9. What is the units digit of g/15 - (-546)/s?
1
Let f(l) = 30*l**2 + 3*l - 41. What is the tens digit of f(-8)?
5
Let c = 917 - -1338. What is the tens digit of c?
5
Suppose 3*a = 4*a - 4*a. Suppose -5*y - 20 = a, 75 - 633 = -2*d + 4*y. What is the tens digit of d?
7
Let k be 22 - (-3 + 8) - 1*-3. Suppose 3*g - 140 = 4*q + 129, -k = -5*q. What is the units digit of g?
5
Let x(z) = -z**2 - 67*z - 90. What is the hundreds digit of x(-23)?
9
Let p(l) = -l - 5 - 3 - 2*l + 6. Let r be p(-3). Suppose 0 = -r*z + 3*z + 100. What is the tens digit of z?
2
Suppose -7*n + 40 = -2*n. Let q(p) = 3*p**2 + 5*p - 4. Let c be q(3). Let u = n + c. What is the tens digit of u?
4
Let u be (-3)/(-6) - 2/4. Suppose -3*a + 17*a - 574 = u. What is the units digit of a?
1
Suppose -187*p + 180*p + 1631 = 0. What is the hundreds digit of p?
2
Let f(g) = -2*g**3 - g**2 + 1. Let v be f(-1). Suppose v = y - 1. Suppose 6*t - 69 = y*t. What is the units digit of t?
3
Suppose -10*s + 99 = s. Suppose -33 = -2*w - 5*f, 0*f = 2*w - 3*f - s. What is the units digit of w?
9
Suppose -t - 162 = -3*t. Suppose 2*c + 241 + t = -3*h, 530 = -5*h - 5*c. What is the units digit of (-8)/(-10)*h/(-4)?
2
Let h(v) = 2*v. Let l be h(3). Let a = l - -18. What is the units digit of 1/(-3) + 128/a?
5
Suppose -v + s = -2*v + 6, 0 = -2*v + 4*s. Suppose c = -v*o + 464 - 116, 3*c = -2*o + 174. What is the tens digit of o?
8
Let t(d) = -11*d - 8. Let j(y) = 21*y + 17. Let f(z) = -6*j(z) - 13*t(z). Suppose 2*p = -4*u + 6, 0*u - p = u - 2. What is the units digit of f(u)?
9
Suppose 0 = -3*b + 5*b - 76. Let n = -34 + b. Suppose -4*y + 3*a + 199 = 0, 9*y - 255 = n*y + 5*a. What is the tens digit of y?
4
Suppose 0 = -26*n + 31*n - 10. Let q(j) = j + 7. Let f be q(-6). What is the tens digit of f + n + 0 + 43?
4
Let s(d) = -4*d**3 + 12*d**2 + 11*d + 16. What is the tens digit of s(-7)?
9
Let r(s) = -3 + s**2 + 1 + 5 - 9*s. Let g be 12*117/104*(-2)/(-3). What is the units digit of r(g)?
3
Suppose 0 = -3*q + g + 25, -3*q - g = -28 - 1. Suppose 2*t - 29 = -v, 3*t = -v + 2*v - q. What is the tens digit of v?
2
Let t(n) = -n**3 - 4*n**2 + 5*n - 1. Let s be t(-5). Let k be (3 - s)*(-1 + 0). What is the units digit of 1 - -40 - (6 + k)?
9
Let p(t) = 3*t**3 + t**2 - 6*t - 8. Let h be p(6). Suppose -20 = 4*j, 5*f - h + 60 = -j. What is the hundreds digit of f?
1
Let l(f) = 2*f**2 + 7*f + 116. What is the units digit of l(-13)?
3
Suppose -174*n - 47918 = -193*n. What is the hundreds digit of n?
5
Suppose 4*z - 636 = -3*d, 419 = 2*d + 4*z - 3*z. Let u be (24/10 - 0) + (-192)/480. Suppose 2*t - n - 117 = u*n, -2*n = 3*t - d. What is the units digit of t?
6
Let t = 1200 + -710. What is the tens digit of t?
9
Let o(m) = m**3 + 27*m**2 + 2. Let i be o(-27). Suppose -7*a + 1305 = i*a. What is the units digit of a?
5
Suppose -1 = -q + 3. Suppose 0 = -7*s + q*s + 255. What is the tens digit of s?
8
What is the hundreds digit of 287 + (-10)/5 + 5?
2
Suppose 2*z - 4*v = 5*z + 22, 3*v - 3 = z. Let l(h) be the first derivative of -7*h**2/2 - 4*h - 2. What is the tens digit of l(z)?
3
What is the thousands digit of 11/(33/222)*53?
3
Let f(v) = 517*v**2 - v - 1. Let b be f(1). Suppose -31*t - b = -36*t. What is the tens digit of t?
0
Let d = -316 + 568. What is the hundreds digit of d?
2
Suppose -2*f + 8 = 4. What is the tens digit of (-2)/(-1) - (-54 - f)?
5
Suppose 6*b - 7493 = -2771. What is the units digit of b?
7
Let i = 23 - 21. Suppose 0 = -x - 2*x - 12. What is the 